{"id":166,"date":"2023-04-11T18:10:45","date_gmt":"2023-04-12T00:10:45","guid":{"rendered":"https:\/\/ambmanagua.esteri.it\/italia-e-nicaragua\/diplomazia-culturale\/"},"modified":"2023-11-02T15:33:48","modified_gmt":"2023-11-02T21:33:48","slug":"diplomazia-culturale","status":"publish","type":"page","link":"https:\/\/ambmanagua.esteri.it\/es\/italia-e-nicaragua\/diplomazia-culturale\/","title":{"rendered":"Diplomacia cultural"},"content":{"rendered":"<h4><strong>ACUERDO CULTURAL, EDUCATIVO Y CIENT\u00cdFICO<\/strong><\/h4>\n<p>El 18 de julio de 2011 se firm\u00f3 en Managua el Acuerdo Cultural, Educativo y Cient\u00edfico entre los dos pa\u00edses. En la secci\u00f3n Cooperaci\u00f3n Cient\u00edfica del presente sitio, se indican los acuerdos de cooperaci\u00f3n actualmente en vigor entre Universidades italianas y Universidades nicarag\u00fcenses.<\/p>\n","protected":false},"excerpt":{"rendered":"ACUERDO CULTURAL, EDUCATIVO Y CIENT\u00cdFICO El 18 de julio de 2011 se firm\u00f3 en Managua el Acuerdo Cultural, Educativo y Cient\u00edfico entre los dos pa\u00edses. En la secci\u00f3n Cooperaci\u00f3n Cient\u00edfica del presente sitio, se indican los acuerdos de cooperaci\u00f3n actualmente en vigor entre Universidades italianas y Universidades nicarag\u00fcenses.","protected":false},"author":1,"featured_media":0,"parent":162,"menu_order":2,"comment_status":"closed","ping_status":"closed","template":"","meta":{"footnotes":""},"class_list":["post-166","page","type-page","status-publish","hentry"],"_links":{"self":[{"href":"https:\/\/ambmanagua.esteri.it\/es\/wp-json\/wp\/v2\/pages\/166","targetHints":{"allow":["GET"]}}],"collection":[{"href":"https:\/\/ambmanagua.esteri.it\/es\/wp-json\/wp\/v2\/pages"}],"about":[{"href":"https:\/\/ambmanagua.esteri.it\/es\/wp-json\/wp\/v2\/types\/page"}],"author":[{"embeddable":true,"href":"https:\/\/ambmanagua.esteri.it\/es\/wp-json\/wp\/v2\/users\/1"}],"replies":[{"embeddable":true,"href":"https:\/\/ambmanagua.esteri.it\/es\/wp-json\/wp\/v2\/comments?post=166"}],"version-history":[{"count":5,"href":"https:\/\/ambmanagua.esteri.it\/es\/wp-json\/wp\/v2\/pages\/166\/revisions"}],"predecessor-version":[{"id":579,"href":"https:\/\/ambmanagua.esteri.it\/es\/wp-json\/wp\/v2\/pages\/166\/revisions\/579"}],"up":[{"embeddable":true,"href":"https:\/\/ambmanagua.esteri.it\/es\/wp-json\/wp\/v2\/pages\/162"}],"wp:attachment":[{"href":"https:\/\/ambmanagua.esteri.it\/es\/wp-json\/wp\/v2\/media?parent=166"}],"curies":[{"name":"wp","href":"https:\/\/api.w.org\/{rel}","templated":true}]}}

<h4><strong>ACUERDO CULTURAL, EDUCATIVO Y CIENTÍFICO</strong></h4>
<p>El 18 de julio de 2011 se firmó en Managua el Acuerdo Cultural, Educativo y Científico entre los dos países. En la sección Cooperación Científica del presente sitio, se indican los acuerdos de cooperación actualmente en vigor entre Universidades italianas y Universidades nicaragüenses.</p>

ACUERDO CULTURAL, EDUCATIVO Y CIENTÍFICO El 18 de julio de 2011 se firmó en Managua el Acuerdo Cultural, Educativo y Científico entre los dos países. En la sección Cooperación Científica del presente sitio, se indican los acuerdos de cooperación actualmente en vigor entre Universidades italianas y Universidades nicaragüenses.
