{"id":2855,"date":"2025-07-09T13:52:00","date_gmt":"2025-07-09T19:52:00","guid":{"rendered":"https:\/\/ambmanagua.esteri.it\/servizi-consolari-e-visti\/servizi-per-il-cittadino-straniero\/cittadinanza\/acquisto-della-cittadinanza-di-figli-minori-conviventi\/"},"modified":"2025-07-09T14:39:02","modified_gmt":"2025-07-09T20:39:02","slug":"acquisto-della-cittadinanza-di-figli-minori-conviventi","status":"publish","type":"page","link":"https:\/\/ambmanagua.esteri.it\/es\/servizi-consolari-e-visti\/servizi-per-il-cittadino-straniero\/cittadinanza\/acquisto-della-cittadinanza-di-figli-minori-conviventi\/","title":{"rendered":"Adquisici\u00f3n de la ciudadan\u00eda para hijos menores que viven con un padre"},"content":{"rendered":"<p><strong>Adquisici\u00f3n de la ciudadan\u00eda para hijos menores que viven con un padre no ciudadano desde su nacimiento<\/strong><\/p>\n<p>Art\u00edculo 14 de la Ley n. 91\/1992, modificado por el Decreto-Ley n. 36\/2025 en su versi\u00f3n modificada por la Ley n. 74\/2025, establece que, para adquirir la ciudadan\u00eda de esta manera, <strong>el hijo de ciudadanos italianos no por nacimiento debe haber residido legalmente en Italia durante al menos dos a\u00f1os consecutivos al momento de la adquisici\u00f3n o readquisici\u00f3n de la ciudadan\u00eda italiana por parte de los padres <\/strong>(si el hijo es menor de dos a\u00f1os, debe haber residido en Italia desde su nacimiento).<\/p>\n<p>Se indica que:<\/p>\n<ul>\n<li>En el caso de que la pr\u00e1ctica del reconocimiento de la ciudadan\u00eda iure communicatione aplique, por las modalidades de presentaci\u00f3n, dentro de las excepciones se\u00f1aladas por las letras a), a-bis) o b) del art\u00edculo 3-bis de la ley n. 91\/1992 (es decir, solicitud \u2013 administrativa o judicial \u2013 presentada antes del 27 de marzo de 2025, o solicitud presentada en la cita indicada antes del 27 de marzo de 2025), se aplicar\u00e1 la regulaci\u00f3n anterior.<\/li>\n<li>Si la solicitud de reconocimiento de la ciudadan\u00eda iure communicatione se present\u00f3 a partir del 28 de marzo de 2025, es necesario que el padre que transmite la ciudadan\u00eda sea exclusivamente ciudadano italiano o haya residido en Italia durante dos a\u00f1os antes del nacimiento del hijo.<\/li>\n<li>Si <strong>la adquisici\u00f3n o readquisici\u00f3n de la ciudadan\u00eda por parte del padre se produce a partir del 24 de mayo de 2025<\/strong>, el hijo que convive con el padre que adquiere o readquiere la ciudadan\u00eda italiana debe haber residido en Italia durante al menos dos a\u00f1os antes de la naturalizaci\u00f3n del padre. <strong>En tal caso, ser\u00e1 el municipio italiano de residencia el encargado de determinar si el menor ha adquirido la ciudadan\u00eda.<\/strong><\/li>\n<\/ul>\n","protected":false},"excerpt":{"rendered":"Adquisici\u00f3n de la ciudadan\u00eda para hijos menores que viven con un padre no ciudadano desde su nacimiento Art\u00edculo 14 de la Ley n. 91\/1992, modificado por el Decreto-Ley n. 36\/2025 en su versi\u00f3n modificada por la Ley n. 74\/2025, establece que, para adquirir la ciudadan\u00eda de esta manera, el hijo de ciudadanos italianos no por [&hellip;]","protected":false},"author":5,"featured_media":0,"parent":213,"menu_order":0,"comment_status":"closed","ping_status":"closed","template":"","meta":{"footnotes":""},"class_list":["post-2855","page","type-page","status-publish","hentry"],"_links":{"self":[{"href":"https:\/\/ambmanagua.esteri.it\/es\/wp-json\/wp\/v2\/pages\/2855","targetHints":{"allow":["GET"]}}],"collection":[{"href":"https:\/\/ambmanagua.esteri.it\/es\/wp-json\/wp\/v2\/pages"}],"about":[{"href":"https:\/\/ambmanagua.esteri.it\/es\/wp-json\/wp\/v2\/types\/page"}],"author":[{"embeddable":true,"href":"https:\/\/ambmanagua.esteri.it\/es\/wp-json\/wp\/v2\/users\/5"}],"replies":[{"embeddable":true,"href":"https:\/\/ambmanagua.esteri.it\/es\/wp-json\/wp\/v2\/comments?post=2855"}],"version-history":[{"count":2,"href":"https:\/\/ambmanagua.esteri.it\/es\/wp-json\/wp\/v2\/pages\/2855\/revisions"}],"predecessor-version":[{"id":2889,"href":"https:\/\/ambmanagua.esteri.it\/es\/wp-json\/wp\/v2\/pages\/2855\/revisions\/2889"}],"up":[{"embeddable":true,"href":"https:\/\/ambmanagua.esteri.it\/es\/wp-json\/wp\/v2\/pages\/213"}],"wp:attachment":[{"href":"https:\/\/ambmanagua.esteri.it\/es\/wp-json\/wp\/v2\/media?parent=2855"}],"curies":[{"name":"wp","href":"https:\/\/api.w.org\/{rel}","templated":true}]}}

Adquisición de la ciudadanía para hijos menores que viven con un padre

<p><strong>Adquisición de la ciudadanía para hijos menores que viven con un padre no ciudadano desde su nacimiento</strong></p>
<p>Artículo 14 de la Ley n. 91/1992, modificado por el Decreto-Ley n. 36/2025 en su versión modificada por la Ley n. 74/2025, establece que, para adquirir la ciudadanía de esta manera, <strong>el hijo de ciudadanos italianos no por nacimiento debe haber residido legalmente en Italia durante al menos dos años consecutivos al momento de la adquisición o readquisición de la ciudadanía italiana por parte de los padres </strong>(si el hijo es menor de dos años, debe haber residido en Italia desde su nacimiento).</p>
<p>Se indica que:</p>
<ul>
<li>En el caso de que la práctica del reconocimiento de la ciudadanía iure communicatione aplique, por las modalidades de presentación, dentro de las excepciones señaladas por las letras a), a-bis) o b) del artículo 3-bis de la ley n. 91/1992 (es decir, solicitud – administrativa o judicial – presentada antes del 27 de marzo de 2025, o solicitud presentada en la cita indicada antes del 27 de marzo de 2025), se aplicará la regulación anterior.</li>
<li>Si la solicitud de reconocimiento de la ciudadanía iure communicatione se presentó a partir del 28 de marzo de 2025, es necesario que el padre que transmite la ciudadanía sea exclusivamente ciudadano italiano o haya residido en Italia durante dos años antes del nacimiento del hijo.</li>
<li>Si <strong>la adquisición o readquisición de la ciudadanía por parte del padre se produce a partir del 24 de mayo de 2025</strong>, el hijo que convive con el padre que adquiere o readquiere la ciudadanía italiana debe haber residido en Italia durante al menos dos años antes de la naturalización del padre. <strong>En tal caso, será el municipio italiano de residencia el encargado de determinar si el menor ha adquirido la ciudadanía.</strong></li>
</ul>

Adquisición de la ciudadanía para hijos menores que viven con un padre no ciudadano desde su nacimiento Artículo 14 de la Ley n. 91/1992, modificado por el Decreto-Ley n. 36/2025 en su versión modificada por la Ley n. 74/2025, establece que, para adquirir la ciudadanía de esta manera, el hijo de ciudadanos italianos no por [&hellip;]
